{"id":1049,"date":"2025-05-17T19:13:29","date_gmt":"2025-05-18T01:13:29","guid":{"rendered":"https:\/\/dentalecodent.com\/?page_id=1049"},"modified":"2025-05-17T19:13:29","modified_gmt":"2025-05-18T01:13:29","slug":"servicios-2-2-2-2-3-2-5-43","status":"publish","type":"page","link":"https:\/\/dentalecodent.com\/?page_id=1049","title":{"rendered":"Reconstrucciones peque\u00f1as a medianas de incisivos, caninos, premolares y molares con resina h\u00edbrida de la marca Ivoclar Vivadent"},"content":{"rendered":"\n<p>Estas son restauraciones dentales que reparan da\u00f1os moderados en <strong>incisivos, caninos, premolares y molares<\/strong> utilizando resina h\u00edbrida, un material compuesto de alta calidad fabricado por Ivoclar Vivadent.<\/p>\n\n\n\n<p>La resina h\u00edbrida combina <strong>resistencia mec\u00e1nica y est\u00e9tica<\/strong>, ofreciendo una superficie duradera con acabado natural que imita el esmalte dental.<\/p>\n\n\n\n<p class=\"has-foreground-color has-text-color has-link-color wp-elements-d703917ac76b4d7d6356a6b5d68a2d3d\">Estas reconstrucciones son indicadas para restaurar cavidades peque\u00f1as o medianas, mejorando funci\u00f3n y apariencia sin afectar significativamente la estructura dental remanente.<\/p>\n\n\n\n<figure class=\"wp-block-image aligncenter size-full is-resized is-style-default\"><img loading=\"lazy\" decoding=\"async\" width=\"1080\" height=\"1080\" src=\"https:\/\/dentalecodent.com\/wp-content\/uploads\/2025\/05\/WhatsApp-Image-2025-05-11-at-21.03.53_c79c8f6c.jpg\" alt=\"\" class=\"wp-image-871\" style=\"width:571px;height:auto\"\/><\/figure>\n","protected":false},"excerpt":{"rendered":"<p>Estas son restauraciones dentales que reparan da\u00f1os moderados en incisivos, caninos, premolares y molares utilizando resina h\u00edbrida, un material compuesto de alta calidad fabricado por Ivoclar Vivadent. La resina h\u00edbrida combina resistencia mec\u00e1nica y est\u00e9tica, ofreciendo una superficie duradera con acabado natural que imita el esmalte dental. Estas reconstrucciones son indicadas para restaurar cavidades peque\u00f1as [&hellip;]<\/p>\n","protected":false},"author":4,"featured_media":0,"parent":0,"menu_order":0,"comment_status":"closed","ping_status":"closed","template":"","meta":{"footnotes":""},"class_list":["post-1049","page","type-page","status-publish","hentry"],"jetpack_sharing_enabled":true,"_links":{"self":[{"href":"https:\/\/dentalecodent.com\/index.php?rest_route=\/wp\/v2\/pages\/1049","targetHints":{"allow":["GET"]}}],"collection":[{"href":"https:\/\/dentalecodent.com\/index.php?rest_route=\/wp\/v2\/pages"}],"about":[{"href":"https:\/\/dentalecodent.com\/index.php?rest_route=\/wp\/v2\/types\/page"}],"author":[{"embeddable":true,"href":"https:\/\/dentalecodent.com\/index.php?rest_route=\/wp\/v2\/users\/4"}],"replies":[{"embeddable":true,"href":"https:\/\/dentalecodent.com\/index.php?rest_route=%2Fwp%2Fv2%2Fcomments&post=1049"}],"version-history":[{"count":1,"href":"https:\/\/dentalecodent.com\/index.php?rest_route=\/wp\/v2\/pages\/1049\/revisions"}],"predecessor-version":[{"id":1050,"href":"https:\/\/dentalecodent.com\/index.php?rest_route=\/wp\/v2\/pages\/1049\/revisions\/1050"}],"wp:attachment":[{"href":"https:\/\/dentalecodent.com\/index.php?rest_route=%2Fwp%2Fv2%2Fmedia&parent=1049"}],"curies":[{"name":"wp","href":"https:\/\/api.w.org\/{rel}","templated":true}]}}