{"id":1010,"date":"2025-05-16T22:55:20","date_gmt":"2025-05-17T04:55:20","guid":{"rendered":"https:\/\/dentalecodent.com\/?page_id=1010"},"modified":"2025-06-14T14:30:37","modified_gmt":"2025-06-14T20:30:37","slug":"servicios-2-2-2-2-3-2-5-28","status":"publish","type":"page","link":"https:\/\/dentalecodent.com\/?page_id=1010","title":{"rendered":"Incrustaciones met\u00e1licas y de resina"},"content":{"rendered":"\n<p>Son <strong>restauraciones parciales<\/strong> que se colocan en dientes da\u00f1ados por caries o fracturas, cuando la p\u00e9rdida no es tan extensa como para requerir una corona completa. Se cementan dentro del diente y est\u00e1n dise\u00f1adas para <strong>restaurar su forma y funci\u00f3n<\/strong>.<\/p>\n\n\n\n<ul class=\"wp-block-list\">\n<li><strong>Incrustaciones met\u00e1licas:<\/strong> Generalmente hechas de aleaciones como oro o cromo-cobalto. Son <strong>muy resistentes y duraderas<\/strong>, ideales para molares donde la est\u00e9tica no es prioritaria.<\/li>\n\n\n\n<li><strong>Incrustaciones de resina:<\/strong> Hechas con material est\u00e9tico similar al color del diente. Son <strong>m\u00e1s discretas y econ\u00f3micas<\/strong>, pero tienen menor resistencia al desgaste y a fracturas en comparaci\u00f3n con las met\u00e1licas.<\/li>\n<\/ul>\n\n\n\n<p class=\"has-foreground-color has-text-color has-link-color wp-elements-8ca58ebee4540ff471c253aef8aa4221\">Ambas opciones son una alternativa conservadora y funcional frente a una corona total, <strong>preservando m\u00e1s estructura dental natural<\/strong>.<\/p>\n\n\n\n<figure class=\"wp-block-image aligncenter size-full is-resized is-style-default\"><img loading=\"lazy\" decoding=\"async\" width=\"1080\" height=\"1080\" src=\"https:\/\/dentalecodent.com\/wp-content\/uploads\/2025\/05\/WhatsApp-Image-2025-05-16-at-20.50.34_b77e8298.jpg\" alt=\"\" class=\"wp-image-998\" style=\"width:571px;height:auto\"\/><\/figure>\n","protected":false},"excerpt":{"rendered":"<p>Son restauraciones parciales que se colocan en dientes da\u00f1ados por caries o fracturas, cuando la p\u00e9rdida no es tan extensa como para requerir una corona completa. Se cementan dentro del diente y est\u00e1n dise\u00f1adas para restaurar su forma y funci\u00f3n. Ambas opciones son una alternativa conservadora y funcional frente a una corona total, preservando m\u00e1s [&hellip;]<\/p>\n","protected":false},"author":4,"featured_media":0,"parent":0,"menu_order":0,"comment_status":"closed","ping_status":"closed","template":"","meta":{"footnotes":""},"class_list":["post-1010","page","type-page","status-publish","hentry"],"jetpack_sharing_enabled":true,"_links":{"self":[{"href":"https:\/\/dentalecodent.com\/index.php?rest_route=\/wp\/v2\/pages\/1010","targetHints":{"allow":["GET"]}}],"collection":[{"href":"https:\/\/dentalecodent.com\/index.php?rest_route=\/wp\/v2\/pages"}],"about":[{"href":"https:\/\/dentalecodent.com\/index.php?rest_route=\/wp\/v2\/types\/page"}],"author":[{"embeddable":true,"href":"https:\/\/dentalecodent.com\/index.php?rest_route=\/wp\/v2\/users\/4"}],"replies":[{"embeddable":true,"href":"https:\/\/dentalecodent.com\/index.php?rest_route=%2Fwp%2Fv2%2Fcomments&post=1010"}],"version-history":[{"count":2,"href":"https:\/\/dentalecodent.com\/index.php?rest_route=\/wp\/v2\/pages\/1010\/revisions"}],"predecessor-version":[{"id":1105,"href":"https:\/\/dentalecodent.com\/index.php?rest_route=\/wp\/v2\/pages\/1010\/revisions\/1105"}],"wp:attachment":[{"href":"https:\/\/dentalecodent.com\/index.php?rest_route=%2Fwp%2Fv2%2Fmedia&parent=1010"}],"curies":[{"name":"wp","href":"https:\/\/api.w.org\/{rel}","templated":true}]}}